se
Is 12 a factor of 2491773?
False
Is 6728879 a multiple of 337?
True
Is 9 a factor of 144821?
False
Is 49 a factor of 254123?
False
Is 15 a factor of 15127151?
False
Does 35 divide 153055?
True
Does 205 divide 338872?
False
Is 74 a factor of 54348?
False
Does 283 divide 2176553?
True
Does 147 divide 2731079?
False
Is 22 a factor of 6651293?
False
Does 70 divide 6719930?
True
Is 23 a factor of 12260332?
False
Does 689 divide 1843097?
False
Does 65 divide 845?
True
Is 716 a factor of 1960320?
False
Does 102 divide 203963?
False
Does 122 divide 105774?
True
Is 44 a factor of 1915188?
True
Is 51 a factor of 9991?
False
Does 329 divide 8934982?
True
Is 91 a factor of 49233?
False
Is 200 a factor of 140077?
False
Does 606 divide 13565964?
False
Does 85 divide 5750845?
True
Does 12 divide 104225?
False
Is 35 a factor of 762813?
False
Is 105 a factor of 643724?
False
Is 194 a factor of 44814?
True
Does 4 divide 417797?
False
Is 129 a factor of 199821?
True
Is 354874 a multiple of 3?
False
Does 212 divide 196636?
False
Is 484 a factor of 10546360?
True
Is 417 a factor of 1291623?
False
Is 73 a factor of 776574?
True
Is 7397 a multiple of 22?
False
Does 804 divide 6184394?
False
Does 16 divide 437680?
True
Is 285669 a multiple of 3?
True
Is 49 a factor of 264992?
True
Is 24041 a multiple of 58?
False
Does 4 divide 184431?
False
Does 50 divide 12581800?
True
Is 76 a factor of 2605584?
True
Is 23 a factor of 1039922?
True
Does 123 divide 536578?
False
Is 7 a factor of 322511?
True
Is 39 a factor of 67626?
True
Does 25 divide 463649?
False
Is 283920 a multiple of 12?
True
Does 4 divide 795024?
True
Does 83 divide 131850?
False
Is 43387 a multiple of 2?
False
Does 581 divide 32704490?
True
Is 433012 a multiple of 10?
False
Is 589578 a multiple of 2?
True
Is 6 a factor of 2832623?
False
Is 2773062 a multiple of 36?
False
Does 76 divide 37275?
False
Does 21 divide 48846?
True
Is 76 a factor of 27308?
False
Is 22 a factor of 1903103?
False
Is 469471 a multiple of 557?
False
Is 37 a factor of 755155?
False
Is 12 a factor of 208647?
False
Does 253 divide 885020?
False
Is 614912 a multiple of 64?
True
Does 2 divide 77410?
True
Does 23 divide 2919311?
False
Is 671619 a multiple of 221?
True
Is 1201760 a multiple of 40?
True
Is 259875 a multiple of 15?
True
Is 90574 a multiple of 69?
False
Does 76 divide 30272?
False
Does 51 divide 117812?
False
Is 173 a factor of 551524?
True
Does 1182 divide 30694176?
True
Is 198 a factor of 7469174?
False
Is 321 a factor of 650342?
False
Does 22 divide 193265?
False
Is 327 a factor of 526298?
False
Is 67 a factor of 56522?
False
Does 912 divide 3587784?
False
Is 2166339 even?
False
Is 6 a factor of 8019264?
True
Is 21 a factor of 34272?
True
Does 78 divide 150371?
False
Does 28 divide 197476?
False
Is 36 a factor of 1542600?
True
Is 38748 a multiple of 95?
False
Is 5 a factor of 6921?
False
Is 30168 a multiple of 8?
True
Does 31 divide 29760?
True
Is 403573 a multiple of 2?
False
Is 4201106 a multiple of 574?
True
Does 10 divide 460676?
False
Is 18 a factor of 59324?
False
Is 2665986 a multiple of 749?
False
Is 820842 even?
True
Is 6 a factor of 357384?
True
Does 9 divide 681393?
False
Is 129593 a multiple of 37?
False
Is 23 a factor of 3656701?
True
Is 80 a factor of 119200?
True
Does 94 divide 2585532?
False
Is 19 a factor of 62339?
True
Is 444399 a multiple of 395?
False
Is 33 a factor of 1538922?
True
Does 12 divide 211404?
True
Is 104887 a multiple of 7?
False
Is 135009 a multiple of 186?
False
Is 35 a factor of 440850?
False
Is 90512 a multiple of 8?
True
Is 4328688 a multiple of 21?
True
Is 403 a factor of 178932?
True
Is 79 a factor of 206190?
True
Is 24165 a multiple of 368?
False
Is 44 a factor of 3013701?
False
Is 32777 a multiple of 281?
False
Is 67 a factor of 149849?
False
Does 92 divide 26874?
False
Is 362406 a multiple of 57?
True
Does 61 divide 170179?
False
Is 401 a factor of 126716?
True
Does 1217 divide 3844503?
True
Is 11332327 a multiple of 83?
False
Is 436 a factor of 1419790?
False
Does 392 divide 454328?
True
Is 172239 a multiple of 5?
False
Does 104 divide 957036?
False
Does 286 divide 17732?
True
Does 48 divide 3491423?
False
Is 404695 a multiple of 29?
True
Is 14810 a multiple of 9?
False
Is 9623223 a multiple of 28?
False
Does 217 divide 610338?
False
Does 23 divide 4166?
False
Is 109956 a multiple of 34?
True
Is 164220 a multiple of 170?
True
Is 193971 a multiple of 41?
True
Does 24 divide 5454713?
False
Does 11 divide 2557695?
False
Is 40 a factor of 2634063?
False
Is 5 a factor of 1399695?
True
Is 20 a factor of 272420?
True
Does 17 divide 24769?
True
Is 3 a factor of 206286?
True
Is 2233374 a multiple of 39?
True
Is 106 a factor of 658578?
True
Is 24 a factor of 137937?
False
Does 475 divide 942875?
True
Does 584 divide 1328016?
True
Is 43 a factor of 3139?
True
Does 11 divide 26972?
True
Is 954846 a multiple of 6?
True
Is 12098 a multiple of 23?
True
Is 445608 a multiple of 8?
True
Does 9 divide 254664?
True
Is 60 a factor of 1592700?
True
Does 13 divide 4340154?
True
Is 33 a factor of 1004491?
False
Is 124657 a multiple of 7?
False
Does 18 divide 359680?
False
Is 136 a factor of 178160?
True
Is 37404 a multiple of 4?
True
Is 263206 a multiple of 55?
False
Is 2100 a multiple of 7?
True
Is 236 a factor of 325444?
True
Is 92 a factor of 539005?
False
Does 96 divide 166882?
False
Does 75 divide 112875?
True
Is 1025210 a multiple of 3?
False
Is 17 a factor of 170561?
True
Is 683 a factor of 618731?
False
Is 140 a factor of 13580?
True
Does 504 divide 40320?
True
Is 117 a factor of 24757?
False
Is 607624 a multiple of 724?
False
Is 505 a factor of 838300?
True
Is 20 a factor of 93875?
False
Does 635 divide 153499?
False
Does 10 divide 272755?
False
Is 32 a factor of 579776?
True
Does 59 divide 192037?
False
Is 7637725 a multiple of 53?
False
Is 16 a factor of 1132895?
False
Is 44949 a multiple of 2?
False
Is 15760104 a multiple of 24?
True
Does 116 divide 13920?
True
Is 221700 a multiple of 25?
True
Is 58 a factor of 236524?
True
Is 72 a factor of 765504?
True
Is 23 a factor of 1557934?
False
Is 339022 a multiple of 503?
True
Is 2933036 a multiple of 1168?
False
Is 266 a factor of 383030?
False
Is 45632 a multiple of 64?
True
Is 32277 a multiple of 65?
False
Is 5 a factor of 97523?
False
Is 48928 a multiple of 88?
True
Does 211 divide 73217?
True
Is 1852 a factor of 12034296?
True
Does 18 divide 100692?
True
Is 1157519 a multiple of 61?
False
Is 27816 a multiple of 228?
True
Does 168 divide 267549?
False
Is 43 a factor of 304569?
True
Does 119 divide 615490?
False
Is 953268 a multiple of 83?
False
Is 2 a factor of 31457?
False
Is 389117 a multiple of 22?
False
Is 970 a factor of 8608750?
True
Does 154 divide 53438?
True
Is 1875066 a multiple of 186?
True
Is 598455 a multiple of 117?
True
Is 98 a factor of 9020?
False
Is 32 a factor of 156600?
False
Does 4 divide 2771096?
True
Is 16 a factor of 461424?
True
Does 100 divide 3318100?
True
Does 14 divide 636412?
True
Is 145808 a multiple of 104?
True
Is 714512 a multiple of 10?
False
Is 11 a factor of 4555805?
False
Is 94008 a multiple of 8?
True
Is 167 a factor of 2208163?
False
Is 11180 a multiple of 260?
True
Does 232 divide 784304?
False
Is 41 a factor of 1099005?
True
Is 3511790 a multiple of 10?
True
Is 640 a factor of 2626560?
True
Is 15 a factor of 6087?
False
Does 55 divide 664557?
False
Is 4 a factor of 151055?
False
Is 1423570 a multiple of 10?
True
Does 17 divide 209531?
False
Is 9354456 a multiple of 36?
True
Is 1328145 a multiple of 49?
True
Is 14 a factor of 88691?
False
Does 203 divide 92162?
True
Is 1563 a factor of 7113213?
True
Is 364 a factor of 1969833?
False
Is 19578 a multiple of 127?
False
Is 3785224 a multiple of 54?
False
Is 73 a factor of 61685?
True
Is 3765279 a multiple of 7?
True
Is 315 a factor of 5779618?
False
Is 15 a factor of 3523710?
True
Is 948248 a multiple of 260?
False
Does 90 divide 433350?
True
Does 506 divide 496308?
False
Is 14209118 a multiple of 77?
True
Does 16 divide 185680?
True
Is 241956 a multiple of 572?
True
Is 477 a factor of 306234?
True
Is 31 a factor of 229273?
False
Is 2641293 a multiple of 4?
False
Is 207 a factor of 12083625?
True
Does 9 divide 80586?
True
Is 3111741 a multiple of 9?
True